- 794. Is p composite?
False
Let l(i) = -i**2 - i. Suppose -2*g + 3*g - t - 3 = 0, 5*t = -2*g - 15. Let n be l(g). Suppose n = -4*c + 5*m + 937, 0 = -5*c + 6*m - m + 1170. Is c prime?
True
Suppose -2*s = 4*q + 2 - 22, -4*s - 2*q + 52 = 0. Let v be -3 + (-2)/(-2) + (s - 0). Suppose v*x - 5766 - 5310 = 0. Is x a prime number?
False
Let s = 67 - 61. Suppose 3*p = -5*q + 20, -4*q = 3*p - 10 - s. Suppose -5*n - q*k + 3771 = 0, -2*n + 2*k = -5*n + 2261. Is n a prime number?
True
Let s(u) = -10640*u + 871. Is s(-41) a prime number?
True
Let t(i) = 3*i + i**3 - 13*i - 17 - 13*i**2 + 19*i**2. Let b be t(-7). Is (-1)/(b/(-12)) + 154 a prime number?
True
Let n = -37444 - -69425. Is n prime?
True
Suppose 0 = 9*h - 17*h + 6912. Suppose 0 = -x - 2*i + 3621 + h, -5*i + 4491 = x. Is x a composite number?
False
Let k(i) = -220*i**3 + 2*i**2 - 7*i - 8. Let x be k(-1). Suppose -3*h + 4*h = 462. Suppose -3*d + 281 = 5*n - x, h = 3*d - 3*n. Is d a composite number?
True
Let z = 63748 + -31271. Is z prime?
False
Let o(c) = -21*c**3 - 4*c**2 + 7. Let l be o(-2). Suppose 2*n - l - 139 = 0. Is n prime?
True
Let y = 1086200 + -762363. Is y a composite number?
False
Let b(a) = -1. Suppose -5*u + 3*s - 9 = -4*u, 5*u = -5*s - 25. Let p(d) = -38*d - 60. Let r(w) = u*b(w) + p(w). Is r(-10) prime?
False
Suppose -18*m + 17*m = -924. Suppose 3*k + 5*g + m + 3674 = 0, 0 = 4*k - 3*g + 6092. Is 2/(-3 - 3) - k/6 composite?
True
Suppose 488*s + 6520 = 493*s. Let h = 863 + s. Is h prime?
False
Let d = -7 - -9. Let o be -2 + 5/(5/8). Is o/9*879/d a composite number?
False
Let u(h) = 12*h + 67. Let k be u(-6). Is (5490/(-12))/k*2 a prime number?
False
Let c(u) = -2*u**2 - 2*u + 7. Let d be c(-3). Let g(t) = -377*t + 176*t + 164*t - 2. Is g(d) composite?
True
Suppose 0 = 2*l + 4, j + 0*l - 15 = 3*l. Suppose -24*m = -22*m - 2674. Suppose 0 = j*r - 4342 - m. Is r a composite number?
False
Is 2/9 + 3 + (-1256892)/(-54) a prime number?
True
Suppose 3037570 = 516*x - 497*x - 2109511. Is x a prime number?
True
Suppose 473*r = 428*r + 8976735. Is r a prime number?
True
Let o(f) = 4*f**2 + 20*f + 17. Let m be o(-13). Let i = 59 - 107. Let y = m - i. Is y composite?
True
Let v = -1707 + 683. Let f = v + 1569. Is f a composite number?
True
Let z(c) be the third derivative of -35*c**4/8 + 17*c**3 + c**2 - 60. Is z(-35) a composite number?
True
Let l = -30493 - -50154. Is l a prime number?
True
Let n(o) = 2*o**2 - 14*o + 4. Let p be n(7). Suppose 0 = -p*i + 7 + 13. Suppose -225 - 1285 = -i*z. Is z a prime number?
False
Let p(k) = 204*k**3 - 4*k**2 + 2*k - 5. Let r(o) = 204*o**3 - 3*o**2 + o - 5. Let b be 4 - 6*20/12. Let a(y) = b*r(y) + 5*p(y). Is a(-2) composite?
False
Suppose -k + 0 = 5, 3*q = 4*k + 26. Suppose q*z + r - 4 = 0, 4*z + 0*r - 5*r - 8 = 0. Is z prime?
True
Suppose w + 742 = 3*w + 5*s, 0 = w + 2*s - 371. Let p = 1282 - w. Is p a composite number?
False
Suppose -3*q + z = -5*q + 733, 4*z + 1484 = 4*q. Suppose -3*t = t + g - 745, -2*t + q = -4*g. Let r = -37 + t. Is r a composite number?
False
Suppose 52*h + 5*h + 170772 = 0. Let w = 12053 + h. Is w a prime number?
False
Let t(m) = m**2 + 23*m + 24. Let x be t(-22). Suppose -11*v = x*o - 8*v - 54906, -82359 = -3*o + 5*v. Is o a prime number?
False
Let n(f) = 909*f - 10. Let o be n(5). Suppose -108*z - o = -113*z. Is z a composite number?
False
Let t = -192060 - -272909. Is t composite?
False
Suppose 44*m - 10 - 166 = 0. Suppose 5*a = m*g + 7*a - 4844, 2*g + 5*a = 2422. Is g prime?
False
Suppose 166*t - 115192941 = -51234236 + 134097057. Is t composite?
False
Let v(i) = 605*i**2 + 52*i - 346. Is v(7) a prime number?
True
Let l be (-23)/4 - 3/12. Let w(a) = -258*a - 5. Is w(l) composite?
False
Let k be 75 - (14/21 + 14/(-3)). Suppose -9179 = k*g - 80*g. Let i = g + -5348. Is i prime?
False
Let x = -417872 - -247402. Is (-2)/(-6) + x/(-60)*4 a prime number?
False
Suppose -470662 = -3*l - f, -9*l = -7*l + 3*f - 313777. Is l prime?
True
Let r(m) = -m**2 - 10*m + 4. Let a be r(-10). Suppose -75*f + 52*f = 0. Suppose f = a*c - 1299 - 2533. Is c composite?
True
Suppose c - 24 = 7*c. Let m = c + 8. Suppose m*j - 706 - 642 = 0. Is j a composite number?
False
Let a(u) = 463*u**3 - 14*u**2 + 16*u - 313. Is a(12) prime?
False
Let c(o) = 129*o**2 - 29*o + 23. Let l = 389 + -375. Is c(l) composite?
True
Let s(l) = -42*l**2 + 24 + l - 18 + 4*l. Let x(g) = -g. Let p(a) = -s(a) - 4*x(a). Is p(5) a prime number?
True
Let m(v) = 38305*v**2 + 111*v - 17. Is m(-2) a prime number?
True
Suppose -3*r + 80 - 77 = d, -3*r + 3 = -2*d. Let a(i) = -1534*i + 5. Let z(f) = -1535*f + 6. Let b(k) = 2*a(k) - 3*z(k). Is b(r) a composite number?
True
Let v(w) = 3*w**3 + 42*w**2 + 39*w - 12. Let n be v(-16). Let x = n - -22831. Is x prime?
False
Let w(k) = 101*k**3 - 7*k**2 - 12. Let p be w(6). Suppose -7*a + 54643 = -p. Suppose 2*m + 3*m - a = 0. Is m a prime number?
False
Let n(k) = 165*k**2 - 11*k + 47. Let f be n(9). Suppose f - 51312 = -13*m. Is m prime?
False
Suppose -3*d + 6*d = 5*t - 10, -2*d + 35 = 5*t. Suppose -34165 = -4*c + 3*o, -37022 = -d*c + 5*o + 5678. Suppose -25*k = -20*k - c. Is k a composite number?
False
Let w = -15085 - -552582. Is w composite?
False
Let w = -4760 - -6777. Let u = w - 1344. Is u prime?
True
Let k(b) = -2*b**3 - 26*b**2 - 22*b + 29. Let g be k(-12). Suppose -3*f - r = f - 56653, g*f = 3*r + 70812. Is f composite?
True
Let o = 7033 - 15703. Let g = o + 3509. Is 2 - 2 - g/13 a prime number?
True
Let m(y) = 107*y**3 + 4*y + 1. Let p be (-36)/(-21) - 10/(-35). Is m(p) prime?
False
Let p(j) = -3*j + 47. Let r be p(16). Let h(g) = -1290*g**3 + 2*g**2 + 4*g + 3. Is h(r) a composite number?
False
Let d(h) = h**3 + 35*h**2 - 39*h - 106. Let p be d(-36). Suppose 5 - 9 = p*v, -s + 6147 = -4*v. Is s a composite number?
True
Suppose -21 = -14*a + 7*a. Suppose -5*u + 4*o = -1721 - 7914, -a*u + 5783 = -2*o. Is u composite?
False
Let x(b) = -1138*b**3 + 96*b**2 + 438*b + 9. Is x(-5) prime?
True
Let b = 135 - 128. Suppose b*x = -0*x + 18193. Is x prime?
False
Let b be -2*(1 - 2)*11/22. Let c(t) = 1254*t**2 - 3*t - 2. Is c(b) a composite number?
False
Let x be -2 + ((-2217)/(-2))/(6/8). Suppose -5*j + 5*m - m = -x, 3*m = -5*j + 1448. Suppose 3*h - j = -5*a, -5*h - 1 = 4. Is a composite?
False
Let s be (6/9)/((-4)/(-72)). Suppose 4 = -8*c + s*c. Is 1/2 + c/(-2)*-3 a composite number?
False
Let s(t) = -619*t**3 + 5*t**2 + 4*t - 5. Is s(-3) prime?
True
Suppose 65*w = 66*w + 3*n - 891641, 3566550 = 4*w + 5*n. Is w a composite number?
True
Let n(k) = 2*k + 26. Let m be n(-13). Let z be 10 + 2 + (m - 2). Is 4562/z - 48/(-60) prime?
True
Suppose -4*d - 151*f + 155*f = -2239588, -7*d + 4*f + 3919291 = 0. Is d a composite number?
False
Suppose -6354032 = 202*g - 218*g. Is g a composite number?
False
Let n = -2 - -6. Suppose -f = -3, -12 = -n*c - 4*f + 16. Suppose 0 = 3*i - c - 1007. Is i prime?
True
Suppose u + 300092 = -6*t + 2*t, 5*u - t = -1500376. Is 5/2*u/(-245) a composite number?
True
Suppose -41*r + 240329 = -30*r - 348204. Is r prime?
True
Let y(k) = 373*k + 78. Let u be y(36). Suppose 151*t - 153*t + u = 0. Is t composite?
True
Suppose 1706 = -5*p + 2*j - 2041, 4*j = -4*p - 3020. Let t = 1527 - p. Suppose -4*m + t = 474. Is m composite?
True
Let f(o) = -3160*o - 1227. Is f(-8) composite?
True
Let y = 297471 - 56890. Is y composite?
True
Let t(y) = y**3 + 2*y**2 - 10*y + 377443. Is t(0) prime?
False
Let h = -12 - -83. Suppose -c + 3*n = -75, 4*n + h = -c + 2*c. Is c a prime number?
False
Let z(u) = -16*u - 423*u + 14 + 9 - 2. Let p be z(-4). Let k = 3362 - p. Is k a prime number?
False
Let y be ((-27)/(-2))/((-15)/(-30)). Let z = y + -28. Is (0 - z)/((-12)/(-1734))*2 a prime number?
False
Suppose -248*t + 64072647 + 35040772 = 25368387. Is t a prime number?
True
Suppose -2*y = -6*y - 1600. Let l be (-230)/(-26) + (y/(-65) - 6). Suppose l*i - 10*i = -1685. Is i prime?
False
Is ((-9957315)/45)/((-5)/15) a prime number?
True
Suppose -305207 = -x - i, -3*x = 200*i - 196*i - 915619. Is x a prime number?
True
Suppose -3*d - 111357 = -3*m, 2781 = 5*m - 4*d - 182810. Suppose -4*k - m = -5*p - 9752, -3*k + 27349 = 5*p. Is p prime?
True
Let s(w) = 405*w - 1661. Is s(16) a prime number?
False
Let k be (6182 - 5) + 3 - -6. Let d = -548 + k. Is d a composite nu